{"id":9124,"date":"2025-05-02T14:14:37","date_gmt":"2025-05-02T12:14:37","guid":{"rendered":"https:\/\/rollierpaysage.ch\/?post_type=product&#038;p=9124"},"modified":"2026-03-31T09:23:09","modified_gmt":"2026-03-31T07:23:09","slug":"tomate-northern-light","status":"publish","type":"product","link":"https:\/\/rollierpaysage.ch\/?product=tomate-northern-light","title":{"rendered":"Tomate Northern Light"},"content":{"rendered":"","protected":false},"excerpt":{"rendered":"<p>Gros fruits bigarr\u00e9s jaune-orange et rose, chair type c\u0153ur de b\u0153uf, saveur douce et sucr\u00e9e.<\/p>\n","protected":false},"featured_media":0,"template":"","meta":[],"product_brand":[],"product_cat":[55,62,56,31,50],"product_tag":[],"class_list":{"0":"post-9124","1":"product","2":"type-product","3":"status-publish","5":"product_cat-bientot-disponible","6":"product_cat-legumes-fruits","7":"product_cat-plantons","8":"product_cat-tomate","9":"product_cat-tomate-a-fruits-charnus","11":"first","12":"outofstock","13":"shipping-taxable","14":"purchasable","15":"product-type-simple"},"_links":{"self":[{"href":"https:\/\/rollierpaysage.ch\/index.php?rest_route=\/wp\/v2\/product\/9124","targetHints":{"allow":["GET"]}}],"collection":[{"href":"https:\/\/rollierpaysage.ch\/index.php?rest_route=\/wp\/v2\/product"}],"about":[{"href":"https:\/\/rollierpaysage.ch\/index.php?rest_route=\/wp\/v2\/types\/product"}],"wp:attachment":[{"href":"https:\/\/rollierpaysage.ch\/index.php?rest_route=%2Fwp%2Fv2%2Fmedia&parent=9124"}],"wp:term":[{"taxonomy":"product_brand","embeddable":true,"href":"https:\/\/rollierpaysage.ch\/index.php?rest_route=%2Fwp%2Fv2%2Fproduct_brand&post=9124"},{"taxonomy":"product_cat","embeddable":true,"href":"https:\/\/rollierpaysage.ch\/index.php?rest_route=%2Fwp%2Fv2%2Fproduct_cat&post=9124"},{"taxonomy":"product_tag","embeddable":true,"href":"https:\/\/rollierpaysage.ch\/index.php?rest_route=%2Fwp%2Fv2%2Fproduct_tag&post=9124"}],"curies":[{"name":"wp","href":"https:\/\/api.w.org\/{rel}","templated":true}]}}