{"id":4998,"date":"2023-04-18T15:09:44","date_gmt":"2023-04-18T13:09:44","guid":{"rendered":"https:\/\/rollierpaysage.ch\/?post_type=product&#038;p=4998"},"modified":"2026-03-30T16:08:55","modified_gmt":"2026-03-30T14:08:55","slug":"chou-pointu-rouge-kalibos","status":"publish","type":"product","link":"https:\/\/rollierpaysage.ch\/?product=chou-pointu-rouge-kalibos","title":{"rendered":"Chou pointu rouge Kalibos PSR"},"content":{"rendered":"","protected":false},"excerpt":{"rendered":"<p>Vari\u00e9t\u00e9 Pro Specie Rara de chou pointu rouge au remplissage l\u00e2che. Feuilles tendres \u00e0 l&rsquo;ar\u00f4me doux sucr\u00e9 qui se pr\u00eatent \u00e0 la consommation crue.<\/p>\n<p>Le chou rouge Kalibos se r\u00e9colte \u00e0 l&rsquo;automne.<\/p>\n<p>Distance de plantation: 50 cm.<\/p>\n","protected":false},"featured_media":6679,"template":"","meta":[],"product_brand":[],"product_cat":[55,33,57,56],"product_tag":[],"class_list":{"0":"post-4998","1":"product","2":"type-product","3":"status-publish","4":"has-post-thumbnail","6":"product_cat-bientot-disponible","7":"product_cat-chou","8":"product_cat-legumes-feuilles","9":"product_cat-plantons","11":"first","12":"outofstock","13":"shipping-taxable","14":"purchasable","15":"product-type-simple"},"_links":{"self":[{"href":"https:\/\/rollierpaysage.ch\/index.php?rest_route=\/wp\/v2\/product\/4998","targetHints":{"allow":["GET"]}}],"collection":[{"href":"https:\/\/rollierpaysage.ch\/index.php?rest_route=\/wp\/v2\/product"}],"about":[{"href":"https:\/\/rollierpaysage.ch\/index.php?rest_route=\/wp\/v2\/types\/product"}],"wp:featuredmedia":[{"embeddable":true,"href":"https:\/\/rollierpaysage.ch\/index.php?rest_route=\/wp\/v2\/media\/6679"}],"wp:attachment":[{"href":"https:\/\/rollierpaysage.ch\/index.php?rest_route=%2Fwp%2Fv2%2Fmedia&parent=4998"}],"wp:term":[{"taxonomy":"product_brand","embeddable":true,"href":"https:\/\/rollierpaysage.ch\/index.php?rest_route=%2Fwp%2Fv2%2Fproduct_brand&post=4998"},{"taxonomy":"product_cat","embeddable":true,"href":"https:\/\/rollierpaysage.ch\/index.php?rest_route=%2Fwp%2Fv2%2Fproduct_cat&post=4998"},{"taxonomy":"product_tag","embeddable":true,"href":"https:\/\/rollierpaysage.ch\/index.php?rest_route=%2Fwp%2Fv2%2Fproduct_tag&post=4998"}],"curies":[{"name":"wp","href":"https:\/\/api.w.org\/{rel}","templated":true}]}}