{"id":2830,"date":"2022-03-19T10:55:50","date_gmt":"2022-03-19T09:55:50","guid":{"rendered":"https:\/\/rollierpaysage.ch\/?post_type=product&#038;p=2830"},"modified":"2026-03-30T16:22:57","modified_gmt":"2026-03-30T14:22:57","slug":"concombre-de-russie-psr","status":"publish","type":"product","link":"https:\/\/rollierpaysage.ch\/?product=concombre-de-russie-psr","title":{"rendered":"Concombre de Russie PSR"},"content":{"rendered":"","protected":false},"excerpt":{"rendered":"<p>Vari\u00e9t\u00e9 Pro Specie Rara, r\u00e9sistante et de bonne conservation. Les fruits sont tr\u00e8s pr\u00e9coces, courts et dodus. A r\u00e9colter quand ils sont vert clair \u00e0 jaune d&rsquo;or. La chair est blanche, tendre et excellente.<\/p>\n<p>La r\u00e9colte se fait de juin \u00e0 septembre.<\/p>\n<p>Distance de plantation: 30 \u00e0 40 cm.<\/p>\n","protected":false},"featured_media":6900,"template":"","meta":[],"product_brand":[],"product_cat":[55,34,63,56],"product_tag":[],"class_list":{"0":"post-2830","1":"product","2":"type-product","3":"status-publish","4":"has-post-thumbnail","6":"product_cat-bientot-disponible","7":"product_cat-concombre-cornichon","8":"product_cat-cucurbitacees","9":"product_cat-plantons","11":"first","12":"outofstock","13":"shipping-taxable","14":"purchasable","15":"product-type-simple"},"_links":{"self":[{"href":"https:\/\/rollierpaysage.ch\/index.php?rest_route=\/wp\/v2\/product\/2830","targetHints":{"allow":["GET"]}}],"collection":[{"href":"https:\/\/rollierpaysage.ch\/index.php?rest_route=\/wp\/v2\/product"}],"about":[{"href":"https:\/\/rollierpaysage.ch\/index.php?rest_route=\/wp\/v2\/types\/product"}],"wp:featuredmedia":[{"embeddable":true,"href":"https:\/\/rollierpaysage.ch\/index.php?rest_route=\/wp\/v2\/media\/6900"}],"wp:attachment":[{"href":"https:\/\/rollierpaysage.ch\/index.php?rest_route=%2Fwp%2Fv2%2Fmedia&parent=2830"}],"wp:term":[{"taxonomy":"product_brand","embeddable":true,"href":"https:\/\/rollierpaysage.ch\/index.php?rest_route=%2Fwp%2Fv2%2Fproduct_brand&post=2830"},{"taxonomy":"product_cat","embeddable":true,"href":"https:\/\/rollierpaysage.ch\/index.php?rest_route=%2Fwp%2Fv2%2Fproduct_cat&post=2830"},{"taxonomy":"product_tag","embeddable":true,"href":"https:\/\/rollierpaysage.ch\/index.php?rest_route=%2Fwp%2Fv2%2Fproduct_tag&post=2830"}],"curies":[{"name":"wp","href":"https:\/\/api.w.org\/{rel}","templated":true}]}}