{"id":2817,"date":"2022-02-17T13:37:34","date_gmt":"2022-02-17T12:37:34","guid":{"rendered":"https:\/\/rollierpaysage.ch\/?post_type=product&#038;p=2817"},"modified":"2026-03-30T16:07:36","modified_gmt":"2026-03-30T14:07:36","slug":"aubergine-pink-lady","status":"publish","type":"product","link":"https:\/\/rollierpaysage.ch\/?product=aubergine-pink-lady","title":{"rendered":"Aubergine Pink lady"},"content":{"rendered":"","protected":false},"excerpt":{"rendered":"<p>Vari\u00e9t\u00e9 robuste produisant de longs fruits fins pouvant atteindre 30 cm, de couleur rose-violet. Chair tr\u00e8s tendre et go\u00fbt exquis. Production riche et r\u00e9guli\u00e8re jusqu&rsquo;\u00e0 l&rsquo;automne. La plante peut atteindre une hauteur de 1,2 m.<\/p>\n<p>Distance de plantation: 60 cm.<\/p>\n","protected":false},"featured_media":4686,"template":"","meta":[],"product_brand":[],"product_cat":[27,55,62,56],"product_tag":[53],"class_list":{"0":"post-2817","1":"product","2":"type-product","3":"status-publish","4":"has-post-thumbnail","6":"product_cat-aubergine","7":"product_cat-bientot-disponible","8":"product_cat-legumes-fruits","9":"product_cat-plantons","10":"product_tag-53","12":"first","13":"outofstock","14":"shipping-taxable","15":"purchasable","16":"product-type-simple"},"_links":{"self":[{"href":"https:\/\/rollierpaysage.ch\/index.php?rest_route=\/wp\/v2\/product\/2817","targetHints":{"allow":["GET"]}}],"collection":[{"href":"https:\/\/rollierpaysage.ch\/index.php?rest_route=\/wp\/v2\/product"}],"about":[{"href":"https:\/\/rollierpaysage.ch\/index.php?rest_route=\/wp\/v2\/types\/product"}],"wp:featuredmedia":[{"embeddable":true,"href":"https:\/\/rollierpaysage.ch\/index.php?rest_route=\/wp\/v2\/media\/4686"}],"wp:attachment":[{"href":"https:\/\/rollierpaysage.ch\/index.php?rest_route=%2Fwp%2Fv2%2Fmedia&parent=2817"}],"wp:term":[{"taxonomy":"product_brand","embeddable":true,"href":"https:\/\/rollierpaysage.ch\/index.php?rest_route=%2Fwp%2Fv2%2Fproduct_brand&post=2817"},{"taxonomy":"product_cat","embeddable":true,"href":"https:\/\/rollierpaysage.ch\/index.php?rest_route=%2Fwp%2Fv2%2Fproduct_cat&post=2817"},{"taxonomy":"product_tag","embeddable":true,"href":"https:\/\/rollierpaysage.ch\/index.php?rest_route=%2Fwp%2Fv2%2Fproduct_tag&post=2817"}],"curies":[{"name":"wp","href":"https:\/\/api.w.org\/{rel}","templated":true}]}}