{"id":2795,"date":"2022-04-16T19:39:27","date_gmt":"2022-04-16T17:39:27","guid":{"rendered":"https:\/\/rollierpaysage.ch\/?post_type=product&#038;p=2795"},"modified":"2026-03-30T16:00:35","modified_gmt":"2026-03-30T14:00:35","slug":"marjolaine","status":"publish","type":"product","link":"https:\/\/rollierpaysage.ch\/?product=marjolaine","title":{"rendered":"Marjolaine"},"content":{"rendered":"","protected":false},"excerpt":{"rendered":"<p>Plante aromatique annuelle qui aime la chaleur, au parfum tr\u00e8s prononc\u00e9, aux fleurs allant du blanc au violet p\u00e2le et pouvant atteindre une hauteur de 50 cm.<\/p>\n<p>Les feuilles et les fleurs se r\u00e9coltent de juin jusqu&rsquo;aux premi\u00e8res gel\u00e9es.<\/p>\n<p>Plante appr\u00e9ci\u00e9e des insectes butineurs.<\/p>\n<p>Distance de plantation : 10 &#8211; 15 cm.<\/p>\n","protected":false},"featured_media":6809,"template":"","meta":[],"product_brand":[],"product_cat":[43,55,56],"product_tag":[],"class_list":{"0":"post-2795","1":"product","2":"type-product","3":"status-publish","4":"has-post-thumbnail","6":"product_cat-aromatique-medicinale","7":"product_cat-bientot-disponible","8":"product_cat-plantons","10":"first","11":"outofstock","12":"shipping-taxable","13":"purchasable","14":"product-type-simple"},"_links":{"self":[{"href":"https:\/\/rollierpaysage.ch\/index.php?rest_route=\/wp\/v2\/product\/2795","targetHints":{"allow":["GET"]}}],"collection":[{"href":"https:\/\/rollierpaysage.ch\/index.php?rest_route=\/wp\/v2\/product"}],"about":[{"href":"https:\/\/rollierpaysage.ch\/index.php?rest_route=\/wp\/v2\/types\/product"}],"wp:featuredmedia":[{"embeddable":true,"href":"https:\/\/rollierpaysage.ch\/index.php?rest_route=\/wp\/v2\/media\/6809"}],"wp:attachment":[{"href":"https:\/\/rollierpaysage.ch\/index.php?rest_route=%2Fwp%2Fv2%2Fmedia&parent=2795"}],"wp:term":[{"taxonomy":"product_brand","embeddable":true,"href":"https:\/\/rollierpaysage.ch\/index.php?rest_route=%2Fwp%2Fv2%2Fproduct_brand&post=2795"},{"taxonomy":"product_cat","embeddable":true,"href":"https:\/\/rollierpaysage.ch\/index.php?rest_route=%2Fwp%2Fv2%2Fproduct_cat&post=2795"},{"taxonomy":"product_tag","embeddable":true,"href":"https:\/\/rollierpaysage.ch\/index.php?rest_route=%2Fwp%2Fv2%2Fproduct_tag&post=2795"}],"curies":[{"name":"wp","href":"https:\/\/api.w.org\/{rel}","templated":true}]}}