{"id":2791,"date":"2022-04-05T08:47:14","date_gmt":"2022-04-05T06:47:14","guid":{"rendered":"https:\/\/rollierpaysage.ch\/?post_type=product&#038;p=2791"},"modified":"2026-03-30T16:01:42","modified_gmt":"2026-03-30T14:01:42","slug":"hysope","status":"publish","type":"product","link":"https:\/\/rollierpaysage.ch\/?product=hysope","title":{"rendered":"Hysope"},"content":{"rendered":"","protected":false},"excerpt":{"rendered":"<p>Plante aromatique, m\u00e9dicinale et ornementale pluriannuelle, au feuillage tr\u00e8s odorant et aux belles fleurs bleu fonc\u00e9 allant parfois vers le violet. Elle atteint une hauteur de 80 cm, sa floraison est longue, de mai \u00e0 octobre, et elle est particuli\u00e8rement appr\u00e9ci\u00e9e des insectes butineurs.<\/p>\n<p>Ses feuilles se r\u00e9coltent de mai \u00e0 septembre et s&rsquo;utilisent fra\u00eeches ou s\u00e8ches. Leur go\u00fbt, entre la menthe et le romarin, en fait un excellent assaisonnement en cuisine et une bonne plante \u00e0 infuser pour ses vertus expectorante et fluidifiante.<\/p>\n<p>Distance de plantation : 30 cm.<\/p>\n","protected":false},"featured_media":6824,"template":"","meta":[],"product_brand":[],"product_cat":[43,55,56],"product_tag":[],"class_list":{"0":"post-2791","1":"product","2":"type-product","3":"status-publish","4":"has-post-thumbnail","6":"product_cat-aromatique-medicinale","7":"product_cat-bientot-disponible","8":"product_cat-plantons","10":"first","11":"outofstock","12":"shipping-taxable","13":"purchasable","14":"product-type-simple"},"_links":{"self":[{"href":"https:\/\/rollierpaysage.ch\/index.php?rest_route=\/wp\/v2\/product\/2791","targetHints":{"allow":["GET"]}}],"collection":[{"href":"https:\/\/rollierpaysage.ch\/index.php?rest_route=\/wp\/v2\/product"}],"about":[{"href":"https:\/\/rollierpaysage.ch\/index.php?rest_route=\/wp\/v2\/types\/product"}],"wp:featuredmedia":[{"embeddable":true,"href":"https:\/\/rollierpaysage.ch\/index.php?rest_route=\/wp\/v2\/media\/6824"}],"wp:attachment":[{"href":"https:\/\/rollierpaysage.ch\/index.php?rest_route=%2Fwp%2Fv2%2Fmedia&parent=2791"}],"wp:term":[{"taxonomy":"product_brand","embeddable":true,"href":"https:\/\/rollierpaysage.ch\/index.php?rest_route=%2Fwp%2Fv2%2Fproduct_brand&post=2791"},{"taxonomy":"product_cat","embeddable":true,"href":"https:\/\/rollierpaysage.ch\/index.php?rest_route=%2Fwp%2Fv2%2Fproduct_cat&post=2791"},{"taxonomy":"product_tag","embeddable":true,"href":"https:\/\/rollierpaysage.ch\/index.php?rest_route=%2Fwp%2Fv2%2Fproduct_tag&post=2791"}],"curies":[{"name":"wp","href":"https:\/\/api.w.org\/{rel}","templated":true}]}}