{"id":2117,"date":"2021-02-28T17:21:24","date_gmt":"2021-02-28T16:21:24","guid":{"rendered":"https:\/\/rollierpaysage.ch\/?post_type=product&#038;p=2117"},"modified":"2026-03-30T16:32:33","modified_gmt":"2026-03-30T14:32:33","slug":"melon-charentais","status":"publish","type":"product","link":"https:\/\/rollierpaysage.ch\/?product=melon-charentais","title":{"rendered":"Melon Collective Farm Woman"},"content":{"rendered":"","protected":false},"excerpt":{"rendered":"<p>Vari\u00e9t\u00e9 tr\u00e8s pr\u00e9coce et r\u00e9sistante poussant tr\u00e8s bien chez nous en pleine terre. Les fruits \u00e0 chair blanche sont toujours sucr\u00e9s et ont un go\u00fbt qui rappelle la poire. Ils se conservent quelques semaines apr\u00e8s r\u00e9colte \u00e0 temp\u00e9rature ambiante.<\/p>\n<p>La r\u00e9colte se fait de juillet \u00e0 octobre, lorsque le fruit se fendille au niveau du p\u00e9doncule.<\/p>\n<p>Distance de plantation: 50 cm.<\/p>\n","protected":false},"featured_media":10668,"template":"","meta":[],"product_brand":[],"product_cat":[55,63,38,56],"product_tag":[],"class_list":{"0":"post-2117","1":"product","2":"type-product","3":"status-publish","4":"has-post-thumbnail","6":"product_cat-bientot-disponible","7":"product_cat-cucurbitacees","8":"product_cat-melon-pasteque","9":"product_cat-plantons","11":"first","12":"outofstock","13":"shipping-taxable","14":"purchasable","15":"product-type-simple"},"_links":{"self":[{"href":"https:\/\/rollierpaysage.ch\/index.php?rest_route=\/wp\/v2\/product\/2117","targetHints":{"allow":["GET"]}}],"collection":[{"href":"https:\/\/rollierpaysage.ch\/index.php?rest_route=\/wp\/v2\/product"}],"about":[{"href":"https:\/\/rollierpaysage.ch\/index.php?rest_route=\/wp\/v2\/types\/product"}],"wp:featuredmedia":[{"embeddable":true,"href":"https:\/\/rollierpaysage.ch\/index.php?rest_route=\/wp\/v2\/media\/10668"}],"wp:attachment":[{"href":"https:\/\/rollierpaysage.ch\/index.php?rest_route=%2Fwp%2Fv2%2Fmedia&parent=2117"}],"wp:term":[{"taxonomy":"product_brand","embeddable":true,"href":"https:\/\/rollierpaysage.ch\/index.php?rest_route=%2Fwp%2Fv2%2Fproduct_brand&post=2117"},{"taxonomy":"product_cat","embeddable":true,"href":"https:\/\/rollierpaysage.ch\/index.php?rest_route=%2Fwp%2Fv2%2Fproduct_cat&post=2117"},{"taxonomy":"product_tag","embeddable":true,"href":"https:\/\/rollierpaysage.ch\/index.php?rest_route=%2Fwp%2Fv2%2Fproduct_tag&post=2117"}],"curies":[{"name":"wp","href":"https:\/\/api.w.org\/{rel}","templated":true}]}}