{"id":2111,"date":"2021-02-28T17:17:52","date_gmt":"2021-02-28T16:17:52","guid":{"rendered":"https:\/\/rollierpaysage.ch\/?post_type=product&#038;p=2111"},"modified":"2026-03-31T10:48:33","modified_gmt":"2026-03-31T08:48:33","slug":"salade-feuille-de-chene-verte","status":"publish","type":"product","link":"https:\/\/rollierpaysage.ch\/?product=salade-feuille-de-chene-verte","title":{"rendered":"Salade feuille de ch\u00eane verte"},"content":{"rendered":"","protected":false},"excerpt":{"rendered":"<p>Vari\u00e9t\u00e9 \u00e0 tondre ou \u00e0 couper, au port dress\u00e9 et au feuillage tr\u00e8s d\u00e9coup\u00e9.<\/p>\n<p>La r\u00e9colte se fait de mai \u00e0 octobre.<\/p>\n<p>Distance de plantation: 30 cm.<\/p>\n","protected":false},"featured_media":6977,"template":"","meta":[],"product_brand":[],"product_cat":[55,57,56,32],"product_tag":[],"class_list":{"0":"post-2111","1":"product","2":"type-product","3":"status-publish","4":"has-post-thumbnail","6":"product_cat-bientot-disponible","7":"product_cat-legumes-feuilles","8":"product_cat-plantons","9":"product_cat-salade-laitue","11":"first","12":"outofstock","13":"shipping-taxable","14":"purchasable","15":"product-type-simple"},"_links":{"self":[{"href":"https:\/\/rollierpaysage.ch\/index.php?rest_route=\/wp\/v2\/product\/2111","targetHints":{"allow":["GET"]}}],"collection":[{"href":"https:\/\/rollierpaysage.ch\/index.php?rest_route=\/wp\/v2\/product"}],"about":[{"href":"https:\/\/rollierpaysage.ch\/index.php?rest_route=\/wp\/v2\/types\/product"}],"wp:featuredmedia":[{"embeddable":true,"href":"https:\/\/rollierpaysage.ch\/index.php?rest_route=\/wp\/v2\/media\/6977"}],"wp:attachment":[{"href":"https:\/\/rollierpaysage.ch\/index.php?rest_route=%2Fwp%2Fv2%2Fmedia&parent=2111"}],"wp:term":[{"taxonomy":"product_brand","embeddable":true,"href":"https:\/\/rollierpaysage.ch\/index.php?rest_route=%2Fwp%2Fv2%2Fproduct_brand&post=2111"},{"taxonomy":"product_cat","embeddable":true,"href":"https:\/\/rollierpaysage.ch\/index.php?rest_route=%2Fwp%2Fv2%2Fproduct_cat&post=2111"},{"taxonomy":"product_tag","embeddable":true,"href":"https:\/\/rollierpaysage.ch\/index.php?rest_route=%2Fwp%2Fv2%2Fproduct_tag&post=2111"}],"curies":[{"name":"wp","href":"https:\/\/api.w.org\/{rel}","templated":true}]}}